of y and 4089?
141
Let d(z) = z**2 + 12*z + 44. Let o be d(-12). Suppose -18*g = -o*g + 832. Let f be 4/6*240*1. Calculate the highest common factor of f and g.
32
Let o(c) = 19*c + 27. Let u be o(3). Let s = 139 - u. Calculate the greatest common factor of 10 and s.
5
Suppose 3362 = 29*o - 7803. What is the greatest common divisor of o and 495?
55
Suppose -a = 15*a - 960. Let s be (576/(-20))/(-4)*5. What is the greatest common factor of s and a?
12
Let f = 6073 + -6043. Calculate the highest common divisor of 5790 and f.
30
Suppose -6342*d - 17922 = -6371*d. What is the highest common divisor of d and 13184?
206
Suppose -33*m + 29*m = 12. Let w = 33 + m. Let l be 12/9*w/4. What is the highest common divisor of l and 40?
10
Let l be (14924/(-637))/(4/(-42)). What is the highest common divisor of l and 164?
82
Suppose 60450 = 93*s - 62*s. What is the greatest common divisor of s and 450?
150
Suppose -7*h + 70 + 70 = 0. Suppose 639 - 609 = 6*q. Calculate the highest common divisor of h and q.
5
Let c = -30 + 38. Suppose 2*k = -c*k + 10100. What is the highest common divisor of k and 10?
10
Suppose 0 = 3*b + 5*k + 55, 0*b + 85 = -4*b + 5*k. Let q be 45*(b/15 - -2). Let x be 124 + (-2 - (-8)/(-4)). Calculate the greatest common divisor of x and q.
30
Let y = -9779 + 9830. What is the highest common factor of 12801 and y?
51
Let t be (45/(-180))/((-2)/9160). Calculate the highest common divisor of 10 and t.
5
Suppose v = 5*u + 20, -2*u - 2*v - 20 = -0*v. Let c be (8 + -2)*(u + 1*-2). Let h be 15/5 - 1 - (c - 0). Calculate the highest common factor of h and 22.
22
Let w be -29*(-315)/10962 + (-2749)/12*-2. Calculate the highest common divisor of 4437 and w.
153
Let w be ((3 - 11) + -4 + (-38)/4)*-72. Calculate the highest common divisor of 576 and w.
36
Let z be -16 + 12248/120 + 1/(-15). What is the greatest common divisor of z and 1849?
43
Suppose 286*q + 12*q - 2742596 = -902148. Calculate the highest common divisor of 160 and q.
32
Let t(o) = -824*o - 1012. Let f be t(-14). What is the highest common factor of 24 and f?
12
Let t(q) = -771*q - 10580. Let f be t(-23). What is the greatest common divisor of f and 2799?
311
Let d = 55 - 56. Let v be (2 - d) + -54*6/4. Let n = v + 85. Calculate the greatest common factor of n and 7.
7
Let c = -169 + 176. Suppose -5*d + 2*v + 45 = 0, 15*d - 3*v = 13*d + 29. Calculate the highest common divisor of d and c.
7
Suppose 51*q + 44 = 53*q. Let c = -91 - -108. Suppose c + q = 3*j. Calculate the highest common factor of j and 117.
13
Suppose 2*f - 45 + 15 = -2*q, 3*f - 40 = -2*q. Suppose 2*n = 4*i - 8, 32 = 3*i + 15*n - f*n. What is the highest common factor of i and 64?
4
Let u be (0 - (-3)/12*0)/1. Suppose u = 18*p + 5347 - 2017. Let t = -40 - p. Calculate the highest common divisor of 58 and t.
29
Let m be 66/(-18) + (-120736)/(-168). Calculate the greatest common divisor of m and 260.
65
Let x(t) = 6*t**2 - 98*t + 52. Let y be x(16). Let q(j) = -j**2 + 24*j - 47. Let p be q(21). Calculate the greatest common divisor of p and y.
4
Let u(a) = a**2 - 7*a + 9. Let f be u(7). Suppose -f*g + 400 = -g. What is the greatest common factor of g and 250?
50
Let n be -2*1/2*-2. Let y(u) be the third derivative of u**4/4 - u**3/2 - 12*u**2. Let o be y(n). Calculate the greatest common factor of 63 and o.
9
Suppose 2*w = -8 + 22. Let g be 111/(-370) + (-347)/10. Let b be (g/(-2))/5*18. Calculate the highest common factor of b and w.
7
Let w(b) = 2*b**2 + 6*b - 13. Let a be w(-5). Suppose -13923 = -a*k - 5383. What is the highest common factor of 20 and k?
20
Suppose -4*o + 40 = 2*m, 3*m = 4*o - 5*o + 40. Calculate the highest common divisor of 3516 and m.
12
Suppose 13*n - 785 = 99. Suppose 2*c = -5*z + 1364, 7*z - 1370 = 2*z - 5*c. Calculate the highest common divisor of z and n.
68
Let v be 4/(3/24 - (-253)/(-2208)). Calculate the highest common factor of v and 128.
128
Let y = 14680 - 13108. What is the highest common factor of y and 120?
12
Suppose 0 = 4*b - 5*b - 5*m + 22, -5*m + 36 = 3*b. Suppose -b*c = -517 - 239. What is the highest common divisor of 48 and c?
12
Suppose -26400 = -912*j + 747*j. What is the greatest common divisor of j and 45?
5
Let l(q) = 2*q - 3*q + 8 + 6 + 9. Let n be l(7). Let o be (0 + 1)*n + (3 - 1). Calculate the greatest common divisor of 36 and o.
18
Let a be ((-3)/7 + (-141402)/28)*2/(-3). Calculate the greatest common divisor of a and 91.
91
Let q be (3146/(-110) + 12)*-110. What is the greatest common factor of q and 2822?
166
Suppose -12*q - 6355 = -13*q - 1267. What is the greatest common factor of q and 96?
96
Suppose 36 + 20 = 14*a. Suppose -5*i + 1144 = -a*t, -4*i + 6*i - 5*t = 444. Calculate the highest common divisor of 8 and i.
8
Let q be (-8)/(20/(-5)) + 798 + -1. Calculate the highest common factor of q and 47.
47
Suppose -8*s - 4*v = -7*s - 21, 5*s - 4*v - 105 = 0. What is the highest common factor of 336 and s?
21
Let f be 0/(-2) - 1653/(-58)*6. What is the highest common divisor of 5301 and f?
171
Suppose 677 + 178 = 5*w. Suppose 4*h + 0*h = -124. Let c = h + 40. What is the highest common divisor of w and c?
9
Suppose -5*z + 11*y + 15 = 8*y, -4*z + 14 = -2*y. Suppose -4*g - 726 = -4*t - z*g, 3*t = 2*g + 548. Calculate the greatest common factor of 26 and t.
26
Let k be (3 + -1)/((-2)/(-16)). Let n = 18 - k. Suppose 0 = -4*m - 20, 0 = n*v + 5*m - 24 + 7. What is the highest common factor of v and 63?
21
Let c(k) = -k + 40. Let b(w) = 5*w - 24. Let v be b(6). Let n be 114/9 + v/18. Let s be c(n). What is the greatest common factor of s and 27?
27
Let x(n) = -n**3 - 5*n**2 - 1. Let u be x(-6). Suppose -w = -j - 53, -2*w = j - 2*j - 55. Let b = -37 - j. Calculate the highest common divisor of u and b.
7
Let r(u) = 24*u + 865. Let z be r(-20). Calculate the highest common factor of z and 210.
35
Let g be -1 + -2 + 13 + (-8)/2. Suppose -540 = -11*d + g*d. Let x = -72 + d. What is the greatest common factor of x and 90?
18
Suppose 4*x = -2*x + 24. Let n be ((145/x)/(-5))/((-1)/4). Calculate the greatest common divisor of 319 and n.
29
Suppose 0 = -5*b - 1 + 21. Let u be -3*(-6)/36*50. Suppose -b*g - 5*d + 135 = -2*d, -u = -g + d. Calculate the greatest common factor of 20 and g.
10
Suppose -3*s - 32 = -1994. Suppose -10*d = -696 - s. Calculate the highest common divisor of 90 and d.
45
Let w = -2312 - -2363. Calculate the highest common factor of w and 72.
3
Suppose 2*t + 0*t = -4*h - 332, -4*h - 344 = -t. Let g = 104 + h. What is the greatest common divisor of 95 and g?
19
Let q(b) = -b**2 - b + 43. Let d be q(-6). Suppose -214 - 46 = -d*a. What is the highest common divisor of 15 and a?
5
Suppose -107*k + 105*k + 12 = 0. Suppose k*b + 20 = 200. Calculate the highest common divisor of 30 and b.
30
Let u(k) = -52*k + 616. Let y be u(8). What is the greatest common factor of 2650 and y?
50
Let h(z) = 461*z**2 - 947*z + 2832. Let y be h(3). Calculate the greatest common factor of 780 and y.
60
Let q be 20 - 17 - (-1 + 1*7). Let y be (4/(-24)*q)/((-4)/256). Let h be 8/y - 10/(-8). Calculate the greatest common factor of 1 and h.
1
Suppose -57157 = -59*p + 5*p + 46793. Calculate the highest common factor of 28 and p.
7
Suppose -5*c - 40 = 0, -5*p + 90*c = 93*c - 17106. Calculate the highest common divisor of 12 and p.
6
Let v = 8016 + 1503. What is the highest common factor of v and 57?
57
Suppose 7*y + 2356 = -374. Let o = y + 392. Calculate the greatest common divisor of o and 6.
2
Let k be 8/(-72) - 489*230/(-135). What is the highest common factor of 245 and k?
49
Let s(c) = 2*c**2 - 17*c - 32. Suppose 23 = -2*b - 5*k - 85, -b - k = 51. Let f = -36 - b. Let h be s(f). What is the highest common divisor of h and 17?
17
Let h(j) = 3*j**2 - 29*j + 14. Let o be h(10). Suppose -o = 62*l - 63*l. What is the greatest common divisor of l and 2?
2
Let n be 56/(-16)*(1 + -79). Suppose 0 = -9*f + n + 402. Calculate the highest common divisor of f and 3.
3
Let v be 10/(-4) - (6 + (-86775)/30). Calculate the highest common factor of v and 56.
28
Suppose 3*p = -15, 4*p = 3*z - 43150 - 4255. What is the highest common divisor of 65 and z?
65
Let d be 1 + 1 - -4 - -2. Suppose d*q + 2*k + 822 = 6*q, -2055 = 5*q + 3*k. Let n = -249 - q. Calculate the highest common factor of n and 108.
54